{"id":20520,"date":"2020-12-11T12:53:18","date_gmt":"2020-12-11T15:53:18","guid":{"rendered":"https:\/\/cafedelrio.com.br\/wordpress\/?post_type=product&#038;p=20520"},"modified":"2022-03-14T23:07:17","modified_gmt":"2022-03-15T02:07:17","slug":"sprouting-robusta-amazonico-carambola-maracuja-e-intenso-rondonia","status":"publish","type":"product","link":"https:\/\/cafedelrio.com.br\/wordpress\/produto\/sprouting-robusta-amazonico-carambola-maracuja-e-intenso-rondonia\/","title":{"rendered":"Sprouting, Robusta Amaz\u00f4nico &#8211; Carambola, Maracuj\u00e1 e Intenso (Rond\u00f4nia)"},"content":{"rendered":"","protected":false},"excerpt":{"rendered":"<p>PRODUTOR: Deigson Mendes Bento<br \/>\nRegi\u00e3o: Cacoal \u2013 Rond\u00f4nia \u2013 RO<br \/>\nVariedade: Robusta Amaz\u00f4nico \u2013 Processo: Sprouting<br \/>\n<strong>Pontua\u00e7\u00e3o: 85,25 SCA\u00a0<\/strong><br \/>\nSensorial: Refrescante, Carambola, Maracuj\u00e1 e intenso<\/p>\n<p><strong>Safra: 20 \/ 21<\/strong><\/p>\n","protected":false},"featured_media":20521,"comment_status":"open","ping_status":"closed","template":"","meta":[],"product_cat":[150,152,171,181],"product_tag":[],"_links":{"self":[{"href":"https:\/\/cafedelrio.com.br\/wordpress\/wp-json\/wp\/v2\/product\/20520"}],"collection":[{"href":"https:\/\/cafedelrio.com.br\/wordpress\/wp-json\/wp\/v2\/product"}],"about":[{"href":"https:\/\/cafedelrio.com.br\/wordpress\/wp-json\/wp\/v2\/types\/product"}],"replies":[{"embeddable":true,"href":"https:\/\/cafedelrio.com.br\/wordpress\/wp-json\/wp\/v2\/comments?post=20520"}],"wp:featuredmedia":[{"embeddable":true,"href":"https:\/\/cafedelrio.com.br\/wordpress\/wp-json\/wp\/v2\/media\/20521"}],"wp:attachment":[{"href":"https:\/\/cafedelrio.com.br\/wordpress\/wp-json\/wp\/v2\/media?parent=20520"}],"wp:term":[{"taxonomy":"product_cat","embeddable":true,"href":"https:\/\/cafedelrio.com.br\/wordpress\/wp-json\/wp\/v2\/product_cat?post=20520"},{"taxonomy":"product_tag","embeddable":true,"href":"https:\/\/cafedelrio.com.br\/wordpress\/wp-json\/wp\/v2\/product_tag?post=20520"}],"curies":[{"name":"wp","href":"https:\/\/api.w.org\/{rel}","templated":true}]}}