{"id":20082,"date":"2020-10-24T13:46:31","date_gmt":"2020-10-24T16:46:31","guid":{"rendered":"https:\/\/cafedelrio.com.br\/wordpress\/?post_type=product&#038;p=20082"},"modified":"2021-08-19T09:54:42","modified_gmt":"2021-08-19T12:54:42","slug":"passador-de-cafe-com-alca-de-madeira-para-3-xicaras-chemex-ch-cm1c","status":"publish","type":"product","link":"https:\/\/cafedelrio.com.br\/wordpress\/produto\/passador-de-cafe-com-alca-de-madeira-para-3-xicaras-chemex-ch-cm1c\/","title":{"rendered":"Passador de caf\u00e9 com al\u00e7a de madeira para 3 x\u00edcaras |Chemex | CH-CM1C"},"content":{"rendered":"<p>A Chemex \u00e9 um utens\u00edlio que prepara caf\u00e9 filtrado de alta qualidade. Possui formato de ampulheta e \u00e9 desenvolvido com material extremamente resistente a altas temperaturas e que n\u00e3o absorve res\u00edduos e odores.<\/p>\n<p>Jarra confeccionada em vidro com colar de madeira polida e la\u00e7o em<br \/>\ncouro.<\/p>\n<p>Informa\u00e7\u00f5es adicionais<br \/>\n1 unidade<br \/>\nMaterial: vidro, madeira polida e la\u00e7o em couro<br \/>\nCapacidade: 450 ml ( 3 x\u00edcaras)<br \/>\nDimens\u00f5es: 21 x 7,62, x 7,62 cm<br \/>\nModelo: CH-CMIC<br \/>\nMarca: Chemex<br \/>\nGarantia: 3 meses para defeitos de fabrica\u00e7\u00e3o.<\/p>\n","protected":false},"excerpt":{"rendered":"<p>A Chemex \u00e9 um utens\u00edlio que prepara caf\u00e9 filtrado de alta qualidade. Possui formato de ampulheta e \u00e9 desenvolvido com [&hellip;]<\/p>\n","protected":false},"featured_media":20146,"comment_status":"open","ping_status":"closed","template":"","meta":[],"product_cat":[29,165,167,164],"product_tag":[],"_links":{"self":[{"href":"https:\/\/cafedelrio.com.br\/wordpress\/wp-json\/wp\/v2\/product\/20082"}],"collection":[{"href":"https:\/\/cafedelrio.com.br\/wordpress\/wp-json\/wp\/v2\/product"}],"about":[{"href":"https:\/\/cafedelrio.com.br\/wordpress\/wp-json\/wp\/v2\/types\/product"}],"replies":[{"embeddable":true,"href":"https:\/\/cafedelrio.com.br\/wordpress\/wp-json\/wp\/v2\/comments?post=20082"}],"wp:featuredmedia":[{"embeddable":true,"href":"https:\/\/cafedelrio.com.br\/wordpress\/wp-json\/wp\/v2\/media\/20146"}],"wp:attachment":[{"href":"https:\/\/cafedelrio.com.br\/wordpress\/wp-json\/wp\/v2\/media?parent=20082"}],"wp:term":[{"taxonomy":"product_cat","embeddable":true,"href":"https:\/\/cafedelrio.com.br\/wordpress\/wp-json\/wp\/v2\/product_cat?post=20082"},{"taxonomy":"product_tag","embeddable":true,"href":"https:\/\/cafedelrio.com.br\/wordpress\/wp-json\/wp\/v2\/product_tag?post=20082"}],"curies":[{"name":"wp","href":"https:\/\/api.w.org\/{rel}","templated":true}]}}