{"id":20078,"date":"2020-10-24T13:32:44","date_gmt":"2020-10-24T16:32:44","guid":{"rendered":"https:\/\/cafedelrio.com.br\/wordpress\/?post_type=product&#038;p=20078"},"modified":"2020-10-24T13:32:44","modified_gmt":"2020-10-24T16:32:44","slug":"filtro-meia-lua-branco-sem-dobra-para-chemex-100-un-chemex-ch-fp2","status":"publish","type":"product","link":"https:\/\/cafedelrio.com.br\/wordpress\/produto\/filtro-meia-lua-branco-sem-dobra-para-chemex-100-un-chemex-ch-fp2\/","title":{"rendered":"Filtro meia lua branco sem dobra para Chemex 100 un | Chemex |CH-FP2"},"content":{"rendered":"<p>Um filtro especial, desenvolvido especialmente para o cl\u00e1ssico Passador de Caf\u00e9 Chemex para 3 x\u00edcaras (Chemex CHCMIC). O filtro meia lua sem dobras se destaca pelo papel de alta qualidade, que realiza a filtragem no tempo certo. Nem t\u00e3o r\u00e1pido, nem t\u00e3o devagar. O resultado \u00e9 um caf\u00e9 limpo, sem res\u00edduos ou amargor, e equilibrado quanto a acidez, corpo e do\u00e7ura.<\/p>\n<p><strong>Informa\u00e7\u00f5es adicionais<\/strong><br \/>\nQuantidade: 100 unidades por embalagem<br \/>\nMaterial: papel<br \/>\nFormato: Meia lua<br \/>\nCor: branco<br \/>\nDimens\u00f5es: 33 x 2,6 x 21,6<br \/>\nModelo: CH-FC100<br \/>\nCompatibilidade: Passador de caf\u00e9 para 3 x\u00edcaras (Chemex CH CMIC)<br \/>\nMarca: Chemex<br \/>\nGarantia: 3 meses para defeitos de fabrica\u00e7\u00e3o.<\/p>\n","protected":false},"excerpt":{"rendered":"<p>Um filtro especial, desenvolvido especialmente para o cl\u00e1ssico Passador de Caf\u00e9 Chemex para 3 x\u00edcaras (Chemex CHCMIC). O filtro meia [&hellip;]<\/p>\n","protected":false},"featured_media":20079,"comment_status":"open","ping_status":"closed","template":"","meta":[],"product_cat":[29,167,165,164],"product_tag":[],"_links":{"self":[{"href":"https:\/\/cafedelrio.com.br\/wordpress\/wp-json\/wp\/v2\/product\/20078"}],"collection":[{"href":"https:\/\/cafedelrio.com.br\/wordpress\/wp-json\/wp\/v2\/product"}],"about":[{"href":"https:\/\/cafedelrio.com.br\/wordpress\/wp-json\/wp\/v2\/types\/product"}],"replies":[{"embeddable":true,"href":"https:\/\/cafedelrio.com.br\/wordpress\/wp-json\/wp\/v2\/comments?post=20078"}],"wp:featuredmedia":[{"embeddable":true,"href":"https:\/\/cafedelrio.com.br\/wordpress\/wp-json\/wp\/v2\/media\/20079"}],"wp:attachment":[{"href":"https:\/\/cafedelrio.com.br\/wordpress\/wp-json\/wp\/v2\/media?parent=20078"}],"wp:term":[{"taxonomy":"product_cat","embeddable":true,"href":"https:\/\/cafedelrio.com.br\/wordpress\/wp-json\/wp\/v2\/product_cat?post=20078"},{"taxonomy":"product_tag","embeddable":true,"href":"https:\/\/cafedelrio.com.br\/wordpress\/wp-json\/wp\/v2\/product_tag?post=20078"}],"curies":[{"name":"wp","href":"https:\/\/api.w.org\/{rel}","templated":true}]}}