{"id":20077,"date":"2020-10-24T13:15:22","date_gmt":"2020-10-24T16:15:22","guid":{"rendered":"https:\/\/cafedelrio.com.br\/wordpress\/?post_type=product&#038;p=20077"},"modified":"2022-09-23T10:55:23","modified_gmt":"2022-09-23T13:55:23","slug":"passador-e-cafe-hario-v60-02-vidro-vermelho-hario","status":"publish","type":"product","link":"https:\/\/cafedelrio.com.br\/wordpress\/produto\/passador-e-cafe-hario-v60-02-vidro-vermelho-hario\/","title":{"rendered":"Suporte de Caf\u00e9 Hario V60-02 Vidro Vermelho VDG-02"},"content":{"rendered":"<p>Projetado para obter o melhor caf\u00e9 coado, o porta-filtros Hario V60 \u00e9 a escolha de baristas e entusiastas do caf\u00e9 no mundo todo. Alguns detalhes o diferenciam dos coadores comuns: espirais na parte interna, que facilitam a expans\u00e3o do p\u00f3 de caf\u00e9 e uma grande abertura na base do coador, que permite controlar a velocidade e a absor\u00e7\u00e3o do caf\u00e9 durante o tempo de filtragem.<\/p>\n<p>Esta vers\u00e3o em vidro com detalhes em vermelho permite o preparo de 2 a 4 x\u00edcaras de caf\u00e9. Para resultados excelentes, recomenda-se o uso dos filtros de papel Hario V60-02.<\/p>\n<p>Informa\u00e7\u00f5es adicionais<br \/>\n1 unidade<br \/>\nMaterial: Vidro<br \/>\nCapacidade: 2-4 x\u00edcaras (480ml)<br \/>\nDimens\u00f5es: 11,8 x 11,8 x 11,6 cm<br \/>\nModelo: HR-VDG-02R<br \/>\nCor: transl\u00facido com detalhe em vermelho<br \/>\nMarca: Hario<br \/>\nGarantia: 90 dias de garantia para defeitos de fabrica\u00e7\u00e3o<\/p>\n","protected":false},"excerpt":{"rendered":"<p>Projetado para obter o melhor caf\u00e9 coado, o porta-filtros Hario V60 \u00e9 a escolha de baristas e entusiastas do caf\u00e9 [&hellip;]<\/p>\n","protected":false},"featured_media":20153,"comment_status":"open","ping_status":"closed","template":"","meta":[],"product_cat":[29,166,168],"product_tag":[],"_links":{"self":[{"href":"https:\/\/cafedelrio.com.br\/wordpress\/wp-json\/wp\/v2\/product\/20077"}],"collection":[{"href":"https:\/\/cafedelrio.com.br\/wordpress\/wp-json\/wp\/v2\/product"}],"about":[{"href":"https:\/\/cafedelrio.com.br\/wordpress\/wp-json\/wp\/v2\/types\/product"}],"replies":[{"embeddable":true,"href":"https:\/\/cafedelrio.com.br\/wordpress\/wp-json\/wp\/v2\/comments?post=20077"}],"wp:featuredmedia":[{"embeddable":true,"href":"https:\/\/cafedelrio.com.br\/wordpress\/wp-json\/wp\/v2\/media\/20153"}],"wp:attachment":[{"href":"https:\/\/cafedelrio.com.br\/wordpress\/wp-json\/wp\/v2\/media?parent=20077"}],"wp:term":[{"taxonomy":"product_cat","embeddable":true,"href":"https:\/\/cafedelrio.com.br\/wordpress\/wp-json\/wp\/v2\/product_cat?post=20077"},{"taxonomy":"product_tag","embeddable":true,"href":"https:\/\/cafedelrio.com.br\/wordpress\/wp-json\/wp\/v2\/product_tag?post=20077"}],"curies":[{"name":"wp","href":"https:\/\/api.w.org\/{rel}","templated":true}]}}