{"id":20076,"date":"2020-10-24T13:06:46","date_gmt":"2020-10-24T16:06:46","guid":{"rendered":"https:\/\/cafedelrio.com.br\/wordpress\/?post_type=product&#038;p=20076"},"modified":"2022-04-18T20:29:03","modified_gmt":"2022-04-18T23:29:03","slug":"kit-v60-pour-over-para-cafe-coado-hario-v60","status":"publish","type":"product","link":"https:\/\/cafedelrio.com.br\/wordpress\/produto\/kit-v60-pour-over-para-cafe-coado-hario-v60\/","title":{"rendered":"Kit Hario V60 para Caf\u00e9 Coado | HR-VCND-02B-EX"},"content":{"rendered":"<p>O Kit V60 Pour Over da marca japonesa Hario \u00e9 o presente perfeito para quem est\u00e1 entrando no universo dos Caf\u00e9s Especiais. Re\u00fane os principais acess\u00f3rios do m\u00e9todo V60: porta-filtro, jarra, 100 filtros de papel e uma colher de medida. Para passar e servir um delicioso caf\u00e9 coado para at\u00e9 quatro pessoas.<\/p>\n<p>Conte\u00fado da caixa:<br \/>\n1 jarra de vidro com capacidade para 700ml &#8211; VCS-02B<br \/>\n100 unidades de filtro de papel V60 tamanho 02 &#8211; V60-02<br \/>\n1 suporte de filtro V60 de acr\u00edlico transparente tamanho 02<br \/>\n1 colher de medida V60<\/p>\n<p>Informa\u00e7\u00f5es adicionais:<br \/>\nCapacidade: 700 ml<br \/>\nMaterial: jarra de vidro, suporte de acr\u00edlico<br \/>\nCor: transparente<br \/>\nModelo: VCND-02B-EX<br \/>\nMarca: Hario<\/p>\n<p>Garantia: 3 meses para defeitos de fabrica\u00e7\u00e3o.<\/p>\n","protected":false},"excerpt":{"rendered":"<p>O Kit V60 Pour Over da marca japonesa Hario \u00e9 o presente perfeito para quem est\u00e1 entrando no universo dos [&hellip;]<\/p>\n","protected":false},"featured_media":20546,"comment_status":"open","ping_status":"closed","template":"","meta":[],"product_cat":[29,166,168],"product_tag":[],"_links":{"self":[{"href":"https:\/\/cafedelrio.com.br\/wordpress\/wp-json\/wp\/v2\/product\/20076"}],"collection":[{"href":"https:\/\/cafedelrio.com.br\/wordpress\/wp-json\/wp\/v2\/product"}],"about":[{"href":"https:\/\/cafedelrio.com.br\/wordpress\/wp-json\/wp\/v2\/types\/product"}],"replies":[{"embeddable":true,"href":"https:\/\/cafedelrio.com.br\/wordpress\/wp-json\/wp\/v2\/comments?post=20076"}],"wp:featuredmedia":[{"embeddable":true,"href":"https:\/\/cafedelrio.com.br\/wordpress\/wp-json\/wp\/v2\/media\/20546"}],"wp:attachment":[{"href":"https:\/\/cafedelrio.com.br\/wordpress\/wp-json\/wp\/v2\/media?parent=20076"}],"wp:term":[{"taxonomy":"product_cat","embeddable":true,"href":"https:\/\/cafedelrio.com.br\/wordpress\/wp-json\/wp\/v2\/product_cat?post=20076"},{"taxonomy":"product_tag","embeddable":true,"href":"https:\/\/cafedelrio.com.br\/wordpress\/wp-json\/wp\/v2\/product_tag?post=20076"}],"curies":[{"name":"wp","href":"https:\/\/api.w.org\/{rel}","templated":true}]}}