{"id":20537,"date":"2020-12-17T12:10:55","date_gmt":"2020-12-17T15:10:55","guid":{"rendered":"https:\/\/cafedelrio.com.br\/wordpress\/?page_id=20537"},"modified":"2020-12-17T12:23:53","modified_gmt":"2020-12-17T15:23:53","slug":"politica-de-trocas-e-devolucoes","status":"publish","type":"page","link":"https:\/\/cafedelrio.com.br\/wordpress\/politica-de-trocas-e-devolucoes\/","title":{"rendered":"Pol\u00edtica de Trocas e Devolu\u00e7\u00f5es"},"content":{"rendered":"<h2>Pol\u00edtica de Trocas e Devolu\u00e7\u00f5es<\/h2>\n<p><strong>1) DEVOLU\u00c7\u00c3O POR ARREPENDIMENTO OU DESACORDO COMERCIAL:\u00a0<\/strong><\/p>\n<p>O cliente poder\u00e1 desistir da compra no ato da entrega ou no prazo de at\u00e9 7 (sete) dias a contar do ato de recebimento do produto.<\/p>\n<p><strong>1.1) No ato da entrega:<\/strong><\/p>\n<p>Recusar o recebimento e realizar uma anota\u00e7\u00e3o no verso da nota fiscal. Entrar em contato conosco atrav\u00e9s do formul\u00e1rio do site, e-mail e ou telefone e relatar o problema.<\/p>\n<p>Telefone: 21 2467-5052<\/p>\n<p><strong>1.2) No prazo de at\u00e9 7 dias:<\/strong><\/p>\n<p>Entrar em contato conosco atrav\u00e9s do formul\u00e1rio do site, e-mail e ou telefone para comunicar o problema.<\/p>\n<p>Telefone: 21 2467-5052<\/p>\n<p>Em ambos os casos o cliente pode optar por:<\/p>\n<ul>\n<li>Pela troca de outro produto de mesmo valor;<\/li>\n<li>Reembolso do valor da compra do produto.<\/li>\n<\/ul>\n<p><strong>ATEN\u00c7\u00c3O:<\/strong>\u00a0Os produtos dever\u00e3o ser enviados devidamente em suas embalagens originais, desde que n\u00e3o tenha ocorrido o manuseio (abertura da embalagem do produto), juntamente com a 1\u00aa via da Nota Fiscal de Venda ou DANFE. Os mesmos passar\u00e3o por uma an\u00e1lise t\u00e9cnica para a verifica\u00e7\u00e3o de suas condi\u00e7\u00f5es. Caso seja detectada a utiliza\u00e7\u00e3o ou avaria do produto, a devolu\u00e7\u00e3o n\u00e3o ser\u00e1 permitida.<\/p>\n<p>Em caso de troca e\/ou devolu\u00e7\u00e3o de algum produto da\u00a0fornecido pela Caf\u00e9 Del Rio, o cliente dever\u00e1 primeiramente, ler atentamente a nossa Pol\u00edtica de troca e devolu\u00e7\u00e3o descrita acima. Os crit\u00e9rios exigidos para realiza\u00e7\u00e3o deste procedimento est\u00e3o baseados no C\u00f3digo de Defesa do Consumidor.<\/p>\n<p><a href=\"about:blank\">comercial@cafedelrio.com.br<\/a><\/p>\n<p>Telefone: (21) 2467-5052<\/p>\n","protected":false},"excerpt":{"rendered":"<p>Pol\u00edtica de Trocas e Devolu\u00e7\u00f5es 1) DEVOLU\u00c7\u00c3O POR ARREPENDIMENTO OU DESACORDO COMERCIAL:\u00a0 O cliente poder\u00e1 desistir da compra no ato [&hellip;]<\/p>\n","protected":false},"author":1,"featured_media":0,"parent":0,"menu_order":0,"comment_status":"closed","ping_status":"closed","template":"100-width.php","meta":{"footnotes":""},"_links":{"self":[{"href":"https:\/\/cafedelrio.com.br\/wordpress\/wp-json\/wp\/v2\/pages\/20537"}],"collection":[{"href":"https:\/\/cafedelrio.com.br\/wordpress\/wp-json\/wp\/v2\/pages"}],"about":[{"href":"https:\/\/cafedelrio.com.br\/wordpress\/wp-json\/wp\/v2\/types\/page"}],"author":[{"embeddable":true,"href":"https:\/\/cafedelrio.com.br\/wordpress\/wp-json\/wp\/v2\/users\/1"}],"replies":[{"embeddable":true,"href":"https:\/\/cafedelrio.com.br\/wordpress\/wp-json\/wp\/v2\/comments?post=20537"}],"version-history":[{"count":1,"href":"https:\/\/cafedelrio.com.br\/wordpress\/wp-json\/wp\/v2\/pages\/20537\/revisions"}],"predecessor-version":[{"id":20538,"href":"https:\/\/cafedelrio.com.br\/wordpress\/wp-json\/wp\/v2\/pages\/20537\/revisions\/20538"}],"wp:attachment":[{"href":"https:\/\/cafedelrio.com.br\/wordpress\/wp-json\/wp\/v2\/media?parent=20537"}],"curies":[{"name":"wp","href":"https:\/\/api.w.org\/{rel}","templated":true}]}}