{"id":16546,"date":"2015-09-12T02:18:14","date_gmt":"2015-09-12T02:18:14","guid":{"rendered":"https:\/\/cafedelrio.com.br\/wordpress\/?page_id=16546"},"modified":"2023-11-14T23:34:07","modified_gmt":"2023-11-15T02:34:07","slug":"home-principal","status":"publish","type":"page","link":"https:\/\/cafedelrio.com.br\/wordpress\/","title":{"rendered":"Home Principal"},"content":{"rendered":"<p><div id=\"sobre\"><div class=\"fusion-fullwidth fullwidth-box fusion-builder-row-1 nonhundred-percent-fullwidth non-hundred-percent-height-scrolling\" style=\"background-color: #ffffff;background-position: center center;background-repeat: no-repeat;padding-top:0px;padding-right:10px;padding-bottom:0px;padding-left:10px;margin-bottom: 20px;margin-top: 0px;border-width: 0px 0px 0px 0px;border-color:#eae9e9;border-style:solid;\" ><div class=\"fusion-builder-row fusion-row\"><div class=\"fusion-layout-column fusion_builder_column fusion-builder-column-0 fusion_builder_column_1_1 1_1 fusion-one-full fusion-column-first fusion-column-last\" style=\"margin-top:15px;margin-bottom:15px;\"><div class=\"fusion-column-wrapper fusion-flex-column-wrapper-legacy\" style=\"background-position:left top;background-repeat:no-repeat;-webkit-background-size:cover;-moz-background-size:cover;-o-background-size:cover;background-size:cover;padding: 0px 0px 0px 0px;\"><style type=\"text\/css\"><\/style><div class=\"fusion-title title fusion-title-1 fusion-title-center fusion-title-text fusion-title-size-two\" style=\"margin-top:0px;margin-right:0px;margin-bottom:30px;margin-left:0px;\"><div class=\"title-sep-container title-sep-container-left\"><div class=\"title-sep sep-double sep-solid\" style=\"border-color:#e0dede;\"><\/div><\/div><h2 class=\"title-heading-center\" style=\"font-family:&quot;Clicker Script&quot;;font-weight:500;margin:0;color:#474747;\"><strong>A Caf\u00e9 Del Rio<\/strong><\/h2><div class=\"title-sep-container title-sep-container-right\"><div class=\"title-sep sep-double sep-solid\" style=\"border-color:#e0dede;\"><\/div><\/div><\/div><div class=\"fusion-clearfix\"><\/div><\/div><\/div><div class=\"fusion-layout-column fusion_builder_column fusion-builder-column-1 fusion_builder_column_1_2 1_2 fusion-one-half fusion-column-first\" style=\"width:50%;width:calc(50% - ( ( 4% ) * 0.5 ) );margin-right: 4%;margin-top:0px;margin-bottom:0px;\"><div class=\"fusion-column-wrapper fusion-flex-column-wrapper-legacy\" style=\"background-position:left top;background-repeat:no-repeat;-webkit-background-size:cover;-moz-background-size:cover;-o-background-size:cover;background-size:cover;padding: 0px 0px 0px 0px;\"><div class=\"fusion-text fusion-text-1\" style=\"font-size:16px;\"><p style=\"text-align: justify;\"><strong>UMA HIST\u00d3RIA EM CADA CAF\u00c9<\/strong><\/p>\n<p style=\"text-align: justify;\">\u00d3timos caf\u00e9s s\u00e3o cultivados por pessoas incr\u00edveis em lugares incr\u00edveis. Essas pessoas e lugares deixam suas marcas e suas hist\u00f3rias em cada uma das x\u00edcaras que consumimos.<\/p>\n<p style=\"text-align: justify;\">A Caf\u00e9 Del Rio \u00e9 uma torrefa\u00e7\u00e3o cariosa sustent\u00e1vel de caf\u00e9s especiais e org\u00e2nicos com ra\u00edzes no maior estado produtor de caf\u00e9s do Brasil: Minas Gerais.<\/p>\n<p style=\"text-align: justify;\">Nossa miss\u00e3o \u00e9 selecionar cuidadosamente os melhores gr\u00e3os, realizar uma torra dentro das melhores pr\u00e1ticas, colaborar para um mundo sustent\u00e1vel e ter a oportunidade de contar a hist\u00f3ria de cada produtor e de sua fazenda, fazendo com que todos os nossos clientes conhe\u00e7am e confiem na origem e proced\u00eancia do caf\u00e9 que est\u00e3o degustando.<\/p>\n<\/div><div class=\"fusion-clearfix\"><\/div><\/div><\/div><div class=\"fusion-layout-column fusion_builder_column fusion-builder-column-2 fusion_builder_column_1_2 1_2 fusion-one-half fusion-column-last\" style=\"width:50%;width:calc(50% - ( ( 4% ) * 0.5 ) );margin-top:0px;margin-bottom:0px;\"><div class=\"fusion-column-wrapper fusion-flex-column-wrapper-legacy\" style=\"background-position:left top;background-repeat:no-repeat;-webkit-background-size:cover;-moz-background-size:cover;-o-background-size:cover;background-size:cover;border-width: 0 0 0 0;border-color:#cccccc;border-style:solid;padding: 0px 0px 0px 0px;\"><div class=\"fusion-column-content-centered\"><div class=\"fusion-column-content\"><span class=\" fusion-imageframe imageframe-none imageframe-1 hover-type-none\"><img decoding=\"async\" width=\"1170\" height=\"780\" title=\"PHOTO-2020-10-05-23-44-13\" src=\"https:\/\/cafedelrio.com.br\/wordpress\/wp-content\/uploads\/2020\/10\/PHOTO-2020-10-05-23-44-13-1200x800.jpg\" class=\"img-responsive wp-image-20023\" srcset=\"https:\/\/cafedelrio.com.br\/wordpress\/wp-content\/uploads\/2020\/10\/PHOTO-2020-10-05-23-44-13-200x133.jpg 200w, https:\/\/cafedelrio.com.br\/wordpress\/wp-content\/uploads\/2020\/10\/PHOTO-2020-10-05-23-44-13-400x267.jpg 400w, https:\/\/cafedelrio.com.br\/wordpress\/wp-content\/uploads\/2020\/10\/PHOTO-2020-10-05-23-44-13-600x400.jpg 600w, https:\/\/cafedelrio.com.br\/wordpress\/wp-content\/uploads\/2020\/10\/PHOTO-2020-10-05-23-44-13-800x533.jpg 800w, https:\/\/cafedelrio.com.br\/wordpress\/wp-content\/uploads\/2020\/10\/PHOTO-2020-10-05-23-44-13-1200x800.jpg 1200w, https:\/\/cafedelrio.com.br\/wordpress\/wp-content\/uploads\/2020\/10\/PHOTO-2020-10-05-23-44-13.jpg 1280w\" sizes=\"(max-width: 800px) 100vw, 600px\" \/><\/span><\/div><\/div><div class=\"fusion-clearfix\"><\/div><\/div><\/div><\/div><\/div><\/div><div id=\"nossos-cafes\"><div class=\"fusion-fullwidth fullwidth-box fusion-builder-row-2 nonhundred-percent-fullwidth non-hundred-percent-height-scrolling\" style=\"background-color: #ffffff;background-position: center center;background-repeat: no-repeat;padding-top:0px;padding-right:10px;padding-bottom:0px;padding-left:10px;margin-bottom: 20px;margin-top: 0px;border-width: 0px 0px 0px 0px;border-color:#eae9e9;border-style:solid;\" ><div class=\"fusion-builder-row fusion-row\"><div class=\"fusion-layout-column fusion_builder_column fusion-builder-column-3 fusion_builder_column_1_1 1_1 fusion-one-full fusion-column-first fusion-column-last\" style=\"margin-top:15px;margin-bottom:15px;\"><div class=\"fusion-column-wrapper fusion-flex-column-wrapper-legacy\" style=\"background-position:left top;background-repeat:no-repeat;-webkit-background-size:cover;-moz-background-size:cover;-o-background-size:cover;background-size:cover;padding: 0px 0px 0px 0px;\"><style type=\"text\/css\"><\/style><div class=\"fusion-title title fusion-title-2 fusion-title-center fusion-title-text fusion-title-size-two\" style=\"margin-top:0px;margin-right:0px;margin-bottom:30px;margin-left:0px;\"><div class=\"title-sep-container title-sep-container-left\"><div class=\"title-sep sep-double sep-solid\" style=\"border-color:#e0dede;\"><\/div><\/div><h2 class=\"title-heading-center\" style=\"font-family:&quot;Clicker Script&quot;;font-weight:500;margin:0;color:#474747;\"><strong>Nossos Caf\u00e9s<\/strong><\/h2><div class=\"title-sep-container title-sep-container-right\"><div class=\"title-sep sep-double sep-solid\" style=\"border-color:#e0dede;\"><\/div><\/div><\/div><div class=\"fusion-clearfix\"><\/div><\/div><\/div><div class=\"fusion-layout-column fusion_builder_column fusion-builder-column-4 fusion_builder_column_1_3 1_3 fusion-one-third fusion-column-first\" style=\"width:33.333333333333%;width:calc(33.333333333333% - ( ( 4% + 4% ) * 0.33333333333333 ) );margin-right: 4%;margin-top:0px;margin-bottom:0px;\"><div class=\"fusion-column-wrapper fusion-flex-column-wrapper-legacy\" style=\"background-position:left bottom;background-repeat:no-repeat;-webkit-background-size:cover;-moz-background-size:cover;-o-background-size:cover;background-size:cover;padding: 0px 0px 0px 0px;\"><div class=\"fusion-text fusion-text-2\"><p style=\"font-size: 17px; text-align: center;\"><strong>Diretamente com o Produtor<\/strong><\/p>\n<\/div><span class=\" fusion-imageframe imageframe-none imageframe-2 hover-type-none\" style=\"margin-bottom:20px;\"><img decoding=\"async\" width=\"604\" height=\"400\" title=\"produtos\" src=\"https:\/\/cafedelrio.com.br\/wordpress\/wp-content\/uploads\/2020\/05\/produtos.jpg\" class=\"img-responsive wp-image-19911\" srcset=\"https:\/\/cafedelrio.com.br\/wordpress\/wp-content\/uploads\/2020\/05\/produtos-200x132.jpg 200w, https:\/\/cafedelrio.com.br\/wordpress\/wp-content\/uploads\/2020\/05\/produtos-400x265.jpg 400w, https:\/\/cafedelrio.com.br\/wordpress\/wp-content\/uploads\/2020\/05\/produtos-600x397.jpg 600w, https:\/\/cafedelrio.com.br\/wordpress\/wp-content\/uploads\/2020\/05\/produtos.jpg 604w\" sizes=\"(max-width: 800px) 100vw, 400px\" \/><\/span><div class=\"fusion-text fusion-text-3\" style=\"font-size:16px;\"><p style=\"text-align: justify;\">Muitas vezes esquecemos de onde v\u00eam o que consumimos, mas \u00e9 sabido que o bom caf\u00e9 tem um sabor ainda melhor quando \u00e9 resultado de um processo justo.<\/p>\n<p style=\"text-align: justify;\">\u00c9 muito importante para n\u00f3s que os produtores com quem trabalhamos sejam devidamente reconhecidos e valorizados.<\/p>\n<p style=\"text-align: justify;\">Prestigiamos nossos parceiros produtores como pe\u00e7a essencial na cadeia de suprimentos, assim como todos que integram o processo \u2013 da colheita at\u00e9 a entrega.<\/p>\n<\/div><div class=\"fusion-clearfix\"><\/div><\/div><style type=\"text\/css\">.fusion-builder-column-4{filter: saturate(88%);transition: filter 0.3s ease;}.fusion-builder-column-4:hover{filter: saturate(100%);}<\/style><\/div><div class=\"fusion-layout-column fusion_builder_column fusion-builder-column-5 fusion_builder_column_1_3 1_3 fusion-one-third\" style=\"width:33.333333333333%;width:calc(33.333333333333% - ( ( 4% + 4% ) * 0.33333333333333 ) );margin-right: 4%;margin-top:0px;margin-bottom:0px;\"><div class=\"fusion-column-wrapper fusion-flex-column-wrapper-legacy\" style=\"background-position:left bottom;background-repeat:no-repeat;-webkit-background-size:cover;-moz-background-size:cover;-o-background-size:cover;background-size:cover;padding: 0px 0px 0px 0px;\"><div class=\"fusion-text fusion-text-4\"><p style=\"font-size: 17px; text-align: center;\"><strong>Selecionado Cuidadosamente<\/strong><\/p>\n<\/div><span class=\" fusion-imageframe imageframe-none imageframe-3 hover-type-none\" style=\"margin-bottom:20px;\"><img decoding=\"async\" width=\"604\" height=\"400\" title=\"selecao\" src=\"https:\/\/cafedelrio.com.br\/wordpress\/wp-content\/uploads\/2020\/05\/selecao.jpg\" class=\"img-responsive wp-image-19913\" srcset=\"https:\/\/cafedelrio.com.br\/wordpress\/wp-content\/uploads\/2020\/05\/selecao-200x132.jpg 200w, https:\/\/cafedelrio.com.br\/wordpress\/wp-content\/uploads\/2020\/05\/selecao-400x265.jpg 400w, https:\/\/cafedelrio.com.br\/wordpress\/wp-content\/uploads\/2020\/05\/selecao-600x397.jpg 600w, https:\/\/cafedelrio.com.br\/wordpress\/wp-content\/uploads\/2020\/05\/selecao.jpg 604w\" sizes=\"(max-width: 800px) 100vw, 400px\" \/><\/span><div class=\"fusion-text fusion-text-5\" style=\"font-size:16px;\"><p style=\"text-align: justify;\">Acreditamos que a \u00fanica maneira de identificar sabores \u00fanicos \u00e9 experimentar continuamente novos e inovadores perfis de torrefa\u00e7\u00e3o.<\/p>\n<p style=\"text-align: justify;\">Por esse motivo, estamos sendo buscando sempre novos sabores e combina\u00e7\u00f5es que satisfa\u00e7am ao padr\u00e3o de qualidade dos mais variados gostos.<\/p>\n<p style=\"text-align: justify;\">Continuamente recebemos novas amostras de caf\u00e9 verde. Essas amostras s\u00e3o torradas de uma maneira muito especial sempre com o objetivo de manter o sabor original.<\/p>\n<p style=\"text-align: justify;\">A partir do resultado das provas e do conhecimento da marca definimos se este novo caf\u00e9 far\u00e1 parte de nossas ofertas.<\/p>\n<\/div><div class=\"fusion-clearfix\"><\/div><\/div><style type=\"text\/css\">.fusion-builder-column-5{filter: saturate(88%);transition: filter 0.3s ease;}.fusion-builder-column-5:hover{filter: saturate(100%);}<\/style><\/div><div class=\"fusion-layout-column fusion_builder_column fusion-builder-column-6 fusion_builder_column_1_3 1_3 fusion-one-third fusion-column-last\" style=\"width:33.333333333333%;width:calc(33.333333333333% - ( ( 4% + 4% ) * 0.33333333333333 ) );margin-top:0px;margin-bottom:0px;\"><div class=\"fusion-column-wrapper fusion-flex-column-wrapper-legacy\" style=\"background-position:left bottom;background-repeat:no-repeat;-webkit-background-size:cover;-moz-background-size:cover;-o-background-size:cover;background-size:cover;padding: 0px 0px 0px 0px;\"><div class=\"fusion-text fusion-text-6\"><p style=\"font-size: 17px; text-align: center;\"><strong>Caf\u00e9s<\/strong><\/p>\n<\/div><span class=\" fusion-imageframe imageframe-none imageframe-4 hover-type-none\" style=\"margin-bottom:20px;\"><img decoding=\"async\" width=\"1170\" height=\"780\" title=\"PHOTO-2020-04-23-13-34-47\" src=\"https:\/\/cafedelrio.com.br\/wordpress\/wp-content\/uploads\/2020\/04\/PHOTO-2020-04-23-13-34-47-1200x800.jpg\" class=\"img-responsive wp-image-19808\" srcset=\"https:\/\/cafedelrio.com.br\/wordpress\/wp-content\/uploads\/2020\/04\/PHOTO-2020-04-23-13-34-47-200x133.jpg 200w, https:\/\/cafedelrio.com.br\/wordpress\/wp-content\/uploads\/2020\/04\/PHOTO-2020-04-23-13-34-47-400x267.jpg 400w, https:\/\/cafedelrio.com.br\/wordpress\/wp-content\/uploads\/2020\/04\/PHOTO-2020-04-23-13-34-47-600x400.jpg 600w, https:\/\/cafedelrio.com.br\/wordpress\/wp-content\/uploads\/2020\/04\/PHOTO-2020-04-23-13-34-47-800x533.jpg 800w, https:\/\/cafedelrio.com.br\/wordpress\/wp-content\/uploads\/2020\/04\/PHOTO-2020-04-23-13-34-47-1200x800.jpg 1200w, https:\/\/cafedelrio.com.br\/wordpress\/wp-content\/uploads\/2020\/04\/PHOTO-2020-04-23-13-34-47.jpg 1280w\" sizes=\"(max-width: 800px) 100vw, 400px\" \/><\/span><div class=\"fusion-text fusion-text-7\" style=\"font-size:16px;\"><p style=\"text-align: justify;\">Caf\u00e9s especiais e org\u00e2nicos com rastreabilidade produzidos em diferentes regi\u00f5es do Brasil, classificados conforme os crit\u00e9rios de avalia\u00e7\u00e3o da SCA (Specialty coffee association).<\/p>\n<p style=\"text-align: justify;\">Algumas das nossas fazendas parceiras produzem caf\u00e9s de variedade Bourbon amarelo, Top\u00e1zio, Icat\u00fa, Catua\u00ed 44 e 144, Catuca\u00ed 785\/15 com processos Natural, Honey e Despolpado.<\/p>\n<\/div><div class=\"fusion-clearfix\"><\/div><\/div><style type=\"text\/css\">.fusion-builder-column-6{filter: saturate(88%);transition: filter 0.3s ease;}.fusion-builder-column-6:hover{filter: saturate(100%);}<\/style><\/div><\/div><\/div><\/div><\/p>\n","protected":false},"excerpt":{"rendered":"","protected":false},"author":1,"featured_media":0,"parent":0,"menu_order":0,"comment_status":"closed","ping_status":"closed","template":"100-width.php","meta":{"footnotes":""},"_links":{"self":[{"href":"https:\/\/cafedelrio.com.br\/wordpress\/wp-json\/wp\/v2\/pages\/16546"}],"collection":[{"href":"https:\/\/cafedelrio.com.br\/wordpress\/wp-json\/wp\/v2\/pages"}],"about":[{"href":"https:\/\/cafedelrio.com.br\/wordpress\/wp-json\/wp\/v2\/types\/page"}],"author":[{"embeddable":true,"href":"https:\/\/cafedelrio.com.br\/wordpress\/wp-json\/wp\/v2\/users\/1"}],"replies":[{"embeddable":true,"href":"https:\/\/cafedelrio.com.br\/wordpress\/wp-json\/wp\/v2\/comments?post=16546"}],"version-history":[{"count":170,"href":"https:\/\/cafedelrio.com.br\/wordpress\/wp-json\/wp\/v2\/pages\/16546\/revisions"}],"predecessor-version":[{"id":20729,"href":"https:\/\/cafedelrio.com.br\/wordpress\/wp-json\/wp\/v2\/pages\/16546\/revisions\/20729"}],"wp:attachment":[{"href":"https:\/\/cafedelrio.com.br\/wordpress\/wp-json\/wp\/v2\/media?parent=16546"}],"curies":[{"name":"wp","href":"https:\/\/api.w.org\/{rel}","templated":true}]}}